he thousands digit of 7071102?
1
What is the tens digit of 114210?
1
What is the hundreds digit of 5881713?
7
What is the hundred thousands digit of 300981?
3
What is the units digit of 1123720?
0
What is the tens digit of 938814?
1
What is the tens digit of 16418800?
0
What is the ten thousands digit of 1912199?
1
What is the units digit of 4131266?
6
What is the hundreds digit of 198816?
8
What is the hundred thousands digit of 1647875?
6
What is the hundred thousands digit of 741116?
7
What is the thousands digit of 11996097?
6
What is the millions digit of 1811198?
1
What is the hundreds digit of 319706?
7
What is the hundred thousands digit of 900988?
9
What is the hundred thousands digit of 267096?
2
What is the hundreds digit of 40043088?
0
What is the hundred thousands digit of 849055?
8
What is the ten thousands digit of 2003170?
0
What is the tens digit of 70845?
4
What is the ten thousands digit of 642962?
4
What is the units digit of 1324513?
3
What is the thousands digit of 3804210?
4
What is the units digit of 148160?
0
What is the tens digit of 4239?
3
What is the hundreds digit of 3909310?
3
What is the hundreds digit of 34261?
2
What is the ten thousands digit of 474092?
7
What is the units digit of 203146?
6
What is the millions digit of 5224424?
5
What is the units digit of 321059?
9
What is the hundreds digit of 490869?
8
What is the ten thousands digit of 170699?
7
What is the tens digit of 181260?
6
What is the hundreds digit of 5369002?
0
What is the hundreds digit of 99547?
5
What is the hundreds digit of 623680?
6
What is the ten thousands digit of 161974?
6
What is the units digit of 336042?
2
What is the tens digit of 1869975?
7
What is the thousands digit of 322700?
2
What is the ten thousands digit of 2375053?
7
What is the hundreds digit of 1434550?
5
What is the ten thousands digit of 10268130?
6
What is the ten thousands digit of 38188?
3
What is the hundred thousands digit of 728668?
7
What is the thousands digit of 3556228?
6
What is the thousands digit of 1549947?
9
What is the millions digit of 2714388?
2
What is the units digit of 533016?
6
What is the ten thousands digit of 1048989?
4
What is the units digit of 814085?
5
What is the tens digit of 995477?
7
What is the thousands digit of 11174662?
4
What is the hundreds digit of 367846?
8
What is the hundred thousands digit of 343440?
3
What is the hundred thousands digit of 6592406?
5
What is the tens digit of 634171?
7
What is the hundred thousands digit of 274548?
2
What is the tens digit of 12287445?
4
What is the ten thousands digit of 405616?
0
What is the ten thousands digit of 113162?
1
What is the hundreds digit of 150026?
0
What is the thousands digit of 1102479?
2
What is the ten thousands digit of 1607967?
0
What is the thousands digit of 263680?
3
What is the millions digit of 5264921?
5
What is the units digit of 22154146?
6
What is the thousands digit of 5684937?
4
What is the hundred thousands digit of 1315090?
3
What is the hundred thousands digit of 118136?
1
What is the tens digit of 888774?
7
What is the thousands digit of 821529?
1
What is the units digit of 4326888?
8
What is the hundreds digit of 1600860?
8
What is the ten millions digit of 13516333?
1
What is the ten thousands digit of 409324?
0
What is the thousands digit of 481553?
1
What is the ten thousands digit of 50957?
5
What is the units digit of 4041528?
8
What is the thousands digit of 14920030?
0
What is the thousands digit of 972572?
2
What is the hundreds digit of 7059380?
3
What is the hundred thousands digit of 6856342?
8
What is the millions digit of 12984477?
2
What is the hundreds digit of 85767?
7
What is the units digit of 3381277?
7
What is the hundreds digit of 328735?
7
What is the hundred thousands digit of 12044780?
0
What is the hundreds digit of 1230447?
4
What is the units digit of 1047482?
2
What is the tens digit of 3585?
8
What is the thousands digit of 2650685?
0
What is the tens digit of 2534286?
8
What is the hundred thousands digit of 5956397?
9
What is the hundred thousands digit of 8261985?
2
What is the hundreds digit of 4626608?
6
What is the tens digit of 150725?
2
What is the units digit of 731949?
9
What is the millions digit of 21337904?
1
What is the hundreds digit of 1985379?
3
What is the thousands digit of 1271443?
1
What is the tens digit of 6794150?
5
What is the ten thousands digit of 8376978?
7
What is the hundred thousands digit of 504559?
5
What is the ten thousands digit of 12621964?
2
What is the millions digit of 1126211?
1
What is the thousands digit of 630747?
0
What is the hundreds digit of 8305194?
1
What is the ten thousands digit of 2897747?
9
What is the tens digit of 132674?
7
What is the units digit of 7569416?
6
What is the units digit of 84746?
6
What is the millions digit of 12491528?
2
What is the ten thousands digit of 24489197?
8
What is the units digit of 6643478?
8
What is the hundreds digit of 108949?
9
What is the millions digit of 14368239?
4
What is the hundred thousands digit of 174512?
1
What is the ten thousands digit of 182655?
8
What is the ten thousands digit of 545169?
4
What is the ten thousands digit of 6266729?
6
What is the tens digit of 5822214?
1
What is the thousands digit of 432564?
2
What is the millions digit of 14091444?
4
What is the tens digit of 2462704?
0
What is the ten thousands digit of 3815533?
1
What is the units digit of 8531522?
2
What is the hundred thousands digit of 159257?
1
What is the hundreds digit of 133366?
3
What is the thousands digit of 31024214?
4
What is the thousands digit of 5064660?
4
What is the ten thousands digit of 164955?
6
What is the millions digit of 2203206?
2
What is the ten thousands digit of 591718?
9
What is the hundreds digit of 4442005?
0
What is the hundreds digit of 90111?
1
What is the ten thousands digit of 29754?
2
What is the ten thousands digit of 204275?
0
What is the ten thousands digit of 924147?
2
What is the thousands digit of 3711932?
1
What is the units digit of 263092?
2
What is the ten thousands digit of 218052?
1
What is the thousands digit of 736885?
6
What is the tens digit of 2504204?
0
What is the millions digit of 17022969?
7
What is the units digit of 11546111?
1
What is the units digit of 450031?
1
What is the thousands digit of 10517678?
7
What is the hundred thousands digit of 299045?
2
What is the thousands digit of 4343326?
3
What is the hundreds digit of 20925187?
1
What is the tens digit of 243006?
0
What is the tens digit of 1759653?
5
What is the hundreds digit of 13482385?
3
What is the millions digit of 1110084?
1
What is the thousands digit of 13623347?
3
What is the tens digit of 5223354?
5
What is the hundred thousands digit of 3980208?
9
What is the hundreds digit of 7932051?
0
What is the tens digit of 3696382?
8
What is the tens digit of 560375?
7
What is the ten thousands digit of 439635?
3
What is the hundreds digit of 119615?
6
What is the units digit of 378655?
5
What is the tens digit of 105524?
2
What is the hundred thousands digit of 4835300?
8
What is the thousands digit of 5235?
5
What is the tens digit of 3187374?
7
What is the ten thousands digit of 224748?
2
What is the tens digit of 99432?
3
What is the hundred thousands digit of 15207415?
2
What is the ten thousands digit of 39363793?
6
What is the hundreds digit of 1433712?
7
What is the tens digit of 409991?
9
What is the hundreds digit of 6705412?
4
What is the units digit of 2188725?
5
What is the hundreds digit of 29052?
0
What is the ten thousands digit of 301376?
0
What is the hundreds digit of 2426476?
4
What is the units digit of 305975?
5
What is the hundreds digit of 7452020?
0
What is the tens digit of 364767?
6
What is the hundred thousands digit of 3494827?
4
What is the ten thousands digit of 133681?
3
What is the millions digit of 2743133?
2
What is the ten thousands digit of 21081883?
8
What is the ten millions digit of 13021022?
1
What is the tens digit of 1435261?
6
What is the tens digit of 360776?
7
What is the thousands digit of 503360?
3
What is the thousands digit of 26266090?
6
What is the millions digit of 2835351?
2
What is the tens digit of 10699552?
5
What is the hundreds digit of 795032?
0
What is the units di